common divisor of 174 and 6.
6
Calculate the greatest common factor of 50 and 8.
2
What is the highest common factor of 34 and 8738?
34
Calculate the greatest common factor of 248 and 8.
8
What is the highest common factor of 15 and 3275?
5
Calculate the highest common divisor of 52 and 26.
26
What is the highest common factor of 76 and 8?
4
What is the greatest common divisor of 3672 and 162?
54
What is the highest common divisor of 64 and 24?
8
What is the greatest common divisor of 183 and 488?
61
What is the greatest common factor of 12 and 804?
12
What is the greatest common divisor of 128 and 1472?
64
What is the highest common factor of 3372 and 60?
12
Calculate the highest common factor of 742 and 21.
7
Calculate the highest common factor of 352 and 550.
22
What is the greatest common factor of 7336 and 280?
56
Calculate the highest common factor of 555 and 15.
15
Calculate the greatest common divisor of 25 and 3775.
25
Calculate the greatest common divisor of 26 and 299.
13
What is the highest common divisor of 6 and 138?
6
Calculate the greatest common factor of 38 and 6.
2
What is the highest common factor of 21 and 15?
3
What is the highest common divisor of 63 and 18?
9
Calculate the highest common factor of 2808 and 1512.
216
What is the highest common factor of 25 and 25?
25
Calculate the greatest common factor of 171 and 144.
9
What is the greatest common divisor of 714 and 42?
42
What is the highest common divisor of 152 and 16568?
152
Calculate the highest common factor of 66 and 2937.
33
What is the greatest common factor of 20 and 105?
5
What is the greatest common divisor of 1 and 47?
1
Calculate the highest common factor of 183 and 18483.
183
Calculate the highest common divisor of 169 and 65.
13
What is the highest common divisor of 10 and 625?
5
Calculate the greatest common divisor of 20 and 7460.
20
Calculate the highest common factor of 114 and 192.
6
Calculate the greatest common divisor of 5032 and 340.
68
What is the highest common factor of 3075 and 30?
15
Calculate the highest common factor of 3332 and 49.
49
What is the greatest common factor of 54 and 5913?
27
Calculate the greatest common factor of 308 and 55.
11
What is the greatest common divisor of 61 and 42700?
61
What is the highest common divisor of 1472 and 460?
92
What is the greatest common factor of 59 and 59?
59
What is the greatest common factor of 20 and 860?
20
Calculate the highest common factor of 8099 and 91.
91
What is the greatest common divisor of 46 and 506?
46
What is the greatest common divisor of 157 and 67510?
157
What is the highest common divisor of 26 and 3?
1
Calculate the greatest common divisor of 10 and 106.
2
Calculate the highest common factor of 180 and 1692.
36
What is the greatest common divisor of 21 and 29736?
21
What is the greatest common factor of 30 and 6?
6
What is the greatest common divisor of 177 and 472?
59
What is the highest common divisor of 1802 and 34?
34
What is the highest common factor of 31050 and 10?
10
Calculate the greatest common divisor of 58 and 29.
29
What is the greatest common factor of 110 and 30?
10
What is the highest common divisor of 742 and 318?
106
Calculate the highest common divisor of 5264 and 47.
47
What is the highest common divisor of 1608 and 84?
12
Calculate the highest common factor of 9 and 4.
1
What is the greatest common factor of 24 and 1944?
24
What is the highest common factor of 39392 and 32?
32
What is the greatest common factor of 130 and 52?
26
Calculate the highest common divisor of 276 and 24.
12
What is the highest common divisor of 735 and 45?
15
Calculate the greatest common factor of 20 and 92790.
10
What is the greatest common factor of 84 and 28?
28
Calculate the greatest common factor of 7029 and 27.
9
What is the highest common divisor of 1261 and 9215?
97
What is the greatest common factor of 52 and 1274?
26
Calculate the greatest common factor of 1 and 613.
1
What is the highest common divisor of 78 and 351?
39
Calculate the highest common factor of 90 and 24.
6
What is the highest common divisor of 125 and 5?
5
Calculate the highest common divisor of 155325 and 327.
327
Calculate the greatest common divisor of 304 and 48.
16
What is the greatest common divisor of 350 and 406?
14
Calculate the highest common factor of 6 and 1542.
6
Calculate the greatest common divisor of 153 and 2227.
17
What is the highest common factor of 123 and 2419?
41
Calculate the highest common divisor of 10 and 235.
5
Calculate the highest common factor of 2911 and 355.
71
What is the highest common factor of 1 and 53?
1
What is the highest common divisor of 8 and 4?
4
Calculate the greatest common divisor of 182 and 1625.
13
Calculate the greatest common divisor of 925 and 50.
25
What is the greatest common divisor of 8 and 4?
4
Calculate the greatest common factor of 6768 and 188.
188
Calculate the highest common divisor of 9477 and 27.
27
Calculate the greatest common divisor of 32 and 176.
16
Calculate the highest common factor of 161 and 427.
7
What is the greatest common divisor of 2873 and 26?
13
What is the highest common divisor of 3211 and 19?
19
What is the greatest common divisor of 360 and 8?
8
What is the greatest common divisor of 212 and 1007?
53
Calculate the greatest common divisor of 865 and 346.
173
What is the highest common divisor of 21 and 14?
7
Calculate the greatest common factor of 2 and 3518.
2
What is the greatest common divisor of 65 and 975?
65
What is the highest common factor of 928 and 29?
29
Calculate the highest common divisor of 171 and 399.
57
Calculate the greatest common factor of 128 and 736.
32
Calculate the highest common factor of 90 and 54.
18
What is the greatest common divisor of 2584 and 16?
8
Calculate the greatest common divisor of 165 and 2904.
33
Calculate the highest common divisor of 1005 and 135.
15
What is the highest common divisor of 25 and 325?
25
What is the highest common divisor of 1536 and 18?
6
Calculate the greatest common divisor of 36 and 1908.
36
Calculate the highest common divisor of 28 and 196.
28
What is the greatest common factor of 278 and 24047?
139
What is the highest common divisor of 10962 and 756?
378
What is the highest common divisor of 25 and 215?
5
What is the highest common factor of 340 and 68?
68
What is the greatest common factor of 68 and 442?
34
What is the greatest common divisor of 85 and 145?
5
What is the highest common factor of 202 and 2?
2
Calculate the highest common divisor of 171 and 36.
9
What is the highest common factor of 64 and 11?
1
What is the highest common divisor of 28 and 36344?
28
What is the highest common factor of 46 and 1090?
2
What is the greatest common factor of 155 and 5?
5
What is the highest common factor of 17 and 18853?
17
What is the highest common divisor of 35 and 1015?
35
Calculate the greatest common factor of 3731 and 52.
13
What is the highest common divisor of 1332 and 180?
36
What is the highest common factor of 80 and 180?
20
Calculate the greatest common divisor of 123 and 82.
41
Calculate the highest common divisor of 198 and 132.
66
Calculate the highest common factor of 1550 and 50.
50
What is the highest common factor of 120 and 190?
10
Calculate the highest common factor of 4695 and 15.
15
What is the highest common divisor of 72 and 84?
12
Calculate the greatest common divisor of 5 and 6000.
5
Calculate the greatest common divisor of 852 and 92.
4
Calculate the greatest common divisor of 306 and 136.
34
What is the highest common divisor of 48 and 168?
24
What is the greatest common divisor of 756 and 10836?
252
Calculate the highest common divisor of 51 and 204.
51
What is the greatest common factor of 124 and 186?
62
Calculate the highest common divisor of 246 and 1804.
82
Calculate the greatest common divisor of 32 and 1184.
32
Calculate the highest common factor of 36 and 1104.
12
Calculate the greatest common divisor of 5019 and 105.
21
What is the highest common divisor of 390 and 240?
30
What is the highest common divisor of 129 and 68?
1
What is the highest common factor of 5432 and 56?
56
Calculate the greatest common divisor of 108 and 972.
108
Calculate the highest common factor of 78 and 2834.
26
Calculate the greatest common 